{"id":2074,"date":"2024-11-25T19:16:21","date_gmt":"2024-11-25T18:16:21","guid":{"rendered":"https:\/\/www.luftschwaermer.de\/?post_type=tribe_events&#038;p=2074"},"modified":"2024-12-01T16:47:08","modified_gmt":"2024-12-01T15:47:08","slug":"f-schleppwoche-2025","status":"publish","type":"tribe_events","link":"https:\/\/www.luftschwaermer.de\/?tribe_events=f-schleppwoche-2025","title":{"rendered":"F-Schleppwoche 2025"},"content":{"rendered":"<p>20. F-Schleppwoche der Luftschw\u00e4rmer Aarbergen Kettenbach<\/p>\n<p>Liebe F-Schlepper,<\/p>\n<p>n\u00e4chstes Jahr feiern wir ein rundes Jubil\u00e4um unserer &#8222;F-Schleppwoche&#8220; !<br \/>\nDas ist schon etwas ganz Besonderes und viele von euch sind ja auch schon von Anfang an mit dabei.<br \/>\nLasst uns alle zusammen dieses Event zu etwas ganz besonderem machen,<br \/>\nwir werden uns jedenfalls anstrengen und unser bestes geben :-)))<\/p>\n<p>Haltet euch den Termin schon einmal frei <b>22.06. &#8211; 29.06.2025 in Aarbergen Kettenbach.<br \/>\n<\/b><\/p>\n<p>Camping ist wie immer erw\u00fcnscht.<\/p>\n<p>Bitte auch weitersagen !<\/p>\n<p>Wollt ihr dabei sein und auch bei uns campen, so gebt uns bitte ein kurzes Feedback per Mail an :&nbsp; <a class=\"moz-txt-link-abbreviated\" href=\"mailto:mfsc@luftschwaermer.de\">mfsc@luftschwaermer.de<\/a><br \/>\nTagesg\u00e4ste sind nat\u00fcrlich auch sehr willkommen.<\/p>\n","protected":false},"excerpt":{"rendered":"<p>20. F-Schleppwoche der Luftschw\u00e4rmer Aarbergen Kettenbach Liebe F-Schlepper, n\u00e4chstes Jahr feiern wir ein rundes Jubil\u00e4um unserer &#8222;F-Schleppwoche&#8220; ! Das ist schon etwas ganz Besonderes und viele von euch sind ja auch schon von Anfang an mit dabei. Lasst uns alle zusammen dieses Event zu etwas ganz besonderem machen, wir werden uns jedenfalls anstrengen und unser bestes geben :-))) Haltet euch<\/p>\n","protected":false},"author":4,"featured_media":0,"template":"","meta":{"ngg_post_thumbnail":0,"_tribe_events_status":"","_tribe_events_status_reason":"","footnotes":""},"tags":[],"tribe_events_cat":[17],"class_list":["post-2074","tribe_events","type-tribe_events","status-publish","hentry","tribe_events_cat-mfsc-veranstaltungen","cat_mfsc-veranstaltungen"],"_links":{"self":[{"href":"https:\/\/www.luftschwaermer.de\/index.php?rest_route=\/wp\/v2\/tribe_events\/2074","targetHints":{"allow":["GET"]}}],"collection":[{"href":"https:\/\/www.luftschwaermer.de\/index.php?rest_route=\/wp\/v2\/tribe_events"}],"about":[{"href":"https:\/\/www.luftschwaermer.de\/index.php?rest_route=\/wp\/v2\/types\/tribe_events"}],"author":[{"embeddable":true,"href":"https:\/\/www.luftschwaermer.de\/index.php?rest_route=\/wp\/v2\/users\/4"}],"version-history":[{"count":2,"href":"https:\/\/www.luftschwaermer.de\/index.php?rest_route=\/wp\/v2\/tribe_events\/2074\/revisions"}],"predecessor-version":[{"id":2128,"href":"https:\/\/www.luftschwaermer.de\/index.php?rest_route=\/wp\/v2\/tribe_events\/2074\/revisions\/2128"}],"wp:attachment":[{"href":"https:\/\/www.luftschwaermer.de\/index.php?rest_route=%2Fwp%2Fv2%2Fmedia&parent=2074"}],"wp:term":[{"taxonomy":"post_tag","embeddable":true,"href":"https:\/\/www.luftschwaermer.de\/index.php?rest_route=%2Fwp%2Fv2%2Ftags&post=2074"},{"taxonomy":"tribe_events_cat","embeddable":true,"href":"https:\/\/www.luftschwaermer.de\/index.php?rest_route=%2Fwp%2Fv2%2Ftribe_events_cat&post=2074"}],"curies":[{"name":"wp","href":"https:\/\/api.w.org\/{rel}","templated":true}]}}

<p>20. F-Schleppwoche der Luftschwärmer Aarbergen Kettenbach</p>
<p>Liebe F-Schlepper,</p>
<p>nächstes Jahr feiern wir ein rundes Jubiläum unserer &#8222;F-Schleppwoche&#8220; !<br />
Das ist schon etwas ganz Besonderes und viele von euch sind ja auch schon von Anfang an mit dabei.<br />
Lasst uns alle zusammen dieses Event zu etwas ganz besonderem machen,<br />
wir werden uns jedenfalls anstrengen und unser bestes geben :-)))</p>
<p>Haltet euch den Termin schon einmal frei <b>22.06. &#8211; 29.06.2025 in Aarbergen Kettenbach.<br />
</b></p>
<p>Camping ist wie immer erwünscht.</p>
<p>Bitte auch weitersagen !</p>
<p>Wollt ihr dabei sein und auch bei uns campen, so gebt uns bitte ein kurzes Feedback per Mail an :&nbsp; <a class="moz-txt-link-abbreviated" href="mailto:mfsc@luftschwaermer.de">mfsc@luftschwaermer.de</a><br />
Tagesgäste sind natürlich auch sehr willkommen.</p>

<p>20. F-Schleppwoche der Luftschwärmer Aarbergen Kettenbach Liebe F-Schlepper, nächstes Jahr feiern wir ein rundes Jubiläum unserer &#8222;F-Schleppwoche&#8220; ! Das ist schon etwas ganz Besonderes und viele von euch sind ja auch schon von Anfang an mit dabei. Lasst uns alle zusammen dieses Event zu etwas ganz besonderem machen, wir werden uns jedenfalls anstrengen und unser bestes geben :-))) Haltet euch</p>
